{"id":217,"date":"2026-01-23T15:51:22","date_gmt":"2026-01-23T15:51:22","guid":{"rendered":"https:\/\/rcunkel.de\/?page_id=217"},"modified":"2026-01-23T16:06:37","modified_gmt":"2026-01-23T16:06:37","slug":"news","status":"publish","type":"page","link":"https:\/\/rcunkel.de\/?page_id=217","title":{"rendered":"News"},"content":{"rendered":"<ul class=\"wp-block-latest-posts__list has-dates wp-block-latest-posts\"><li><a class=\"wp-block-latest-posts__post-title\" href=\"https:\/\/rcunkel.de\/?p=322\">Erfolgsbilanz im Repair-Caf\u00e9 Unkel:<\/a><time datetime=\"2026-01-26T14:06:21+01:00\" class=\"wp-block-latest-posts__post-date\">26. Januar 2026<\/time><div class=\"wp-block-latest-posts__post-excerpt\">45 Ger\u00e4te vor dem Schrott gerettet UNKEL.\u00a0Seit dem Start am 27. August 2025 hat sich das Repair-Caf\u00e9 Unkel als feste Anlaufstelle f\u00fcr Nachhaltigkeit etabliert. Die erste Zwischenbilanz zeigt: Die ehrenamtlichen Reparatur-Profis haben alle H\u00e4nde voll zu tun \u2013 mit einer beeindruckenden Erfolgsquote. Starke Quote f\u00fcr die Umwelt Insgesamt wurden seit der Er\u00f6ffnung 60 Ger\u00e4te von\u2026\u00a0<a class=\"wp-block-latest-posts__read-more\" href=\"https:\/\/rcunkel.de\/?p=322\" rel=\"noopener noreferrer\"><span class=\"screen-reader-text\">Erfolgsbilanz im Repair-Caf\u00e9 Unkel: <\/span>weiterlesen<\/a><\/div><\/li>\n<li><div class=\"wp-block-latest-posts__featured-image alignleft\"><a href=\"https:\/\/rcunkel.de\/?p=1\" aria-label=\"Gelungener Start\"><img loading=\"lazy\" decoding=\"async\" width=\"300\" height=\"225\" src=\"https:\/\/rcunkel.de\/wp-content\/uploads\/2025\/12\/1000082011-300x225.jpg\" class=\"attachment-medium size-medium wp-post-image\" alt=\"\" style=\"\" srcset=\"https:\/\/rcunkel.de\/wp-content\/uploads\/2025\/12\/1000082011-300x225.jpg 300w, https:\/\/rcunkel.de\/wp-content\/uploads\/2025\/12\/1000082011-1024x768.jpg 1024w, https:\/\/rcunkel.de\/wp-content\/uploads\/2025\/12\/1000082011-768x576.jpg 768w, https:\/\/rcunkel.de\/wp-content\/uploads\/2025\/12\/1000082011-1536x1152.jpg 1536w, https:\/\/rcunkel.de\/wp-content\/uploads\/2025\/12\/1000082011.jpg 2000w\" sizes=\"auto, (max-width: 300px) 100vw, 300px\" \/><\/a><\/div><a class=\"wp-block-latest-posts__post-title\" href=\"https:\/\/rcunkel.de\/?p=1\">Gelungener Start<\/a><time datetime=\"2025-08-27T15:48:00+01:00\" class=\"wp-block-latest-posts__post-date\">27. August 2025<\/time><div class=\"wp-block-latest-posts__post-excerpt\">Das Repair Caf\u00e9 in Unkel ist gestartet und die Resonanz zeigt, dass es einen gro\u00dfen Bedarf daf\u00fcr gibt.<\/div><\/li>\n<\/ul>","protected":false},"excerpt":{"rendered":"","protected":false},"author":2,"featured_media":0,"parent":0,"menu_order":0,"comment_status":"closed","ping_status":"closed","template":"","meta":{"footnotes":""},"class_list":["post-217","page","type-page","status-publish","hentry"],"_links":{"self":[{"href":"https:\/\/rcunkel.de\/index.php?rest_route=\/wp\/v2\/pages\/217","targetHints":{"allow":["GET"]}}],"collection":[{"href":"https:\/\/rcunkel.de\/index.php?rest_route=\/wp\/v2\/pages"}],"about":[{"href":"https:\/\/rcunkel.de\/index.php?rest_route=\/wp\/v2\/types\/page"}],"author":[{"embeddable":true,"href":"https:\/\/rcunkel.de\/index.php?rest_route=\/wp\/v2\/users\/2"}],"replies":[{"embeddable":true,"href":"https:\/\/rcunkel.de\/index.php?rest_route=%2Fwp%2Fv2%2Fcomments&post=217"}],"version-history":[{"count":3,"href":"https:\/\/rcunkel.de\/index.php?rest_route=\/wp\/v2\/pages\/217\/revisions"}],"predecessor-version":[{"id":235,"href":"https:\/\/rcunkel.de\/index.php?rest_route=\/wp\/v2\/pages\/217\/revisions\/235"}],"wp:attachment":[{"href":"https:\/\/rcunkel.de\/index.php?rest_route=%2Fwp%2Fv2%2Fmedia&parent=217"}],"curies":[{"name":"wp","href":"https:\/\/api.w.org\/{rel}","templated":true}]}}

<ul class="wp-block-latest-posts__list has-dates wp-block-latest-posts"><li><a class="wp-block-latest-posts__post-title" href="https://rcunkel.de/?p=322">Erfolgsbilanz im Repair-Café Unkel:</a><time datetime="2026-01-26T14:06:21+01:00" class="wp-block-latest-posts__post-date">26. Januar 2026</time><div class="wp-block-latest-posts__post-excerpt">45 Geräte vor dem Schrott gerettet UNKEL. Seit dem Start am 27. August 2025 hat sich das Repair-Café Unkel als feste Anlaufstelle für Nachhaltigkeit etabliert. Die erste Zwischenbilanz zeigt: Die ehrenamtlichen Reparatur-Profis haben alle Hände voll zu tun – mit einer beeindruckenden Erfolgsquote. Starke Quote für die Umwelt Insgesamt wurden seit der Eröffnung 60 Geräte von… <a class="wp-block-latest-posts__read-more" href="https://rcunkel.de/?p=322" rel="noopener noreferrer"><span class="screen-reader-text">Erfolgsbilanz im Repair-Café Unkel: </span>weiterlesen</a></div></li>
<li><div class="wp-block-latest-posts__featured-image alignleft"><a href="https://rcunkel.de/?p=1" aria-label="Gelungener Start"><img loading="lazy" decoding="async" width="300" height="225" src="https://rcunkel.de/wp-content/uploads/2025/12/1000082011-300x225.jpg" class="attachment-medium size-medium wp-post-image" alt="" style="" srcset="https://rcunkel.de/wp-content/uploads/2025/12/1000082011-300x225.jpg 300w, https://rcunkel.de/wp-content/uploads/2025/12/1000082011-1024x768.jpg 1024w, https://rcunkel.de/wp-content/uploads/2025/12/1000082011-768x576.jpg 768w, https://rcunkel.de/wp-content/uploads/2025/12/1000082011-1536x1152.jpg 1536w, https://rcunkel.de/wp-content/uploads/2025/12/1000082011.jpg 2000w" sizes="auto, (max-width: 300px) 100vw, 300px" /></a></div><a class="wp-block-latest-posts__post-title" href="https://rcunkel.de/?p=1">Gelungener Start</a><time datetime="2025-08-27T15:48:00+01:00" class="wp-block-latest-posts__post-date">27. August 2025</time><div class="wp-block-latest-posts__post-excerpt">Das Repair Café in Unkel ist gestartet und die Resonanz zeigt, dass es einen großen Bedarf dafür gibt.</div></li>
</ul>
